 digit of j?
3
Let h(s) = -341*s - 67. What is the units digit of h(-3)?
6
Let a be (-982)/(-8) - (-7)/28. Suppose 3*p - 117 = a. What is the tens digit of p?
8
Let u be (-65)/3 + 10/15. Let b = 1 - u. Let z = -9 + b. What is the tens digit of z?
1
Let k = 54 + 26. Suppose 36 + k = 2*x. What is the tens digit of x?
5
Let r(b) = 3*b + 4. Let q be r(-3). Let u(t) = -9*t - 5. Let h(c) = -8*c - 5. Let p(i) = 3*h(i) - 2*u(i). What is the units digit of p(q)?
5
Let r be (90/(-3) - 0) + -1. Let m = 38 - r. What is the tens digit of m?
6
Let c be -1 + (-15*1)/(-3). Suppose -3*i = -c*i. Suppose q + 63 = -2*h + 5*h, i = 4*h + 4*q - 100. What is the tens digit of h?
2
What is the units digit of 710 + (-5 + 5 - -3)?
3
What is the hundreds digit of (666/(-10) - -1)/(6/(-120))?
3
Suppose a + 13671 = 5*y + 3196, -2*y + 4168 = 4*a. What is the tens digit of y?
9
Suppose 25869 = 7*v + 774. What is the hundreds digit of v?
5
Suppose 78784 = -63*o + 232630. What is the hundreds digit of o?
4
Let b(g) = g + 1. Suppose 5 = -5*r - 5. Let a be b(r). What is the units digit of a + 26 + (-7 - -5)?
3
Let u = -1 + -5. Let y(v) be the third derivative of v**5/60 + 5*v**4/24 + 7*v**3/6 + 12*v**2. What is the tens digit of y(u)?
1
What is the tens digit of -3*-5*(-557)/(-3)?
8
Let x = -7 - -39. Suppose 4*m - x = -0*m. Suppose -l + 26 = m. What is the tens digit of l?
1
Let s(j) = 16*j**2 - 27*j - 17. What is the hundreds digit of s(5)?
2
Suppose 2*y - 3*y - 3 = 0. Let x(s) = -3*s - 2. Let p be x(y). What is the units digit of p/28 + 99/4?
5
Suppose -64 = 5*z - z. Let r = -26 - z. What is the tens digit of ((-96)/r)/((-3)/(-10))?
3
Suppose -3*x - 15 = 0, 4*z - 12 = -2*x + 2. Let h(f) = -z*f - 2*f + 8*f + 18*f. What is the tens digit of h(1)?
1
Suppose -4*t + 107 = -133. Suppose 3*g - t = 3*p, -p - p + 40 = 2*g. Suppose -4*z + 2*j + g = j, -4*j - 10 = -2*z. What is the units digit of z?
5
Let s = 232 - 163. Let c = s - 118. Let t = c + 75. What is the tens digit of t?
2
Suppose 5*z - 15 = -2*n, 0*z = -n - z + 3. What is the units digit of n - -8*(-46)/(-4)?
2
Let d be 4 - ((-4)/20 + (-3)/(-15)). Suppose -x - d*k = -23, -5*k - 11 = -1. What is the tens digit of x?
3
Suppose 3*o - 1 = -f + 18, 0 = o - 3*f + 7. Suppose 0 = 3*j + 5*r - 194, -j - j - o*r + 131 = 0. What is the tens digit of j?
6
Suppose 4*n + 0*n = 4*b - 356, 0 = 3*b + 3. Let c = n - -147. What is the units digit of c?
7
Suppose -3*u - 37 = -31. Let s(q) = -7*q + 1. What is the units digit of s(u)?
5
Let o = 112 + -189. Let z = 373 + o. What is the tens digit of z?
9
Let r(c) = 15*c + 421. Let z be r(0). Suppose -4*o = -5*g + 1146, -5*g - o - z = -1572. What is the units digit of g?
0
Let b(l) = -9*l - 36. Let r(m) = m + 3. Let z(h) = 3*b(h) + 36*r(h). Let k = -1 - -2. What is the units digit of z(k)?
9
What is the hundreds digit of (2260/3)/((-262)/(-393))?
1
Let w(v) be the third derivative of 0*v + 5/12*v**4 + 8*v**2 + 5/3*v**3 + 0. What is the units digit of w(3)?
0
Let r(j) = -75*j - 5. Let p be r(-2). Let d = p + -65. Suppose 2*x - 158 = -3*s, -4*x - 90 = -3*s + d. What is the tens digit of s?
5
Let p be 1/3*(-4 - 11). Let l(v) = v**3 + 4*v**2 - 7*v. Let j be l(p). Suppose -2*k - j = 0, 0*o = -o + k + 7. What is the units digit of o?
2
Suppose -1620 = -8*j + 2364. What is the tens digit of j?
9
Let b = -17 - -4. Let h = b - 28. Let l = h + 58. What is the units digit of l?
7
Suppose -6*b + b = -25. Let y be 30/b*10/6. What is the units digit of (-5)/y - 14/(-4)?
3
Suppose 28*w + 19*w = 13912. What is the units digit of w?
6
Suppose -6*d + d - 347 = -3*q, 206 = 2*q + 3*d. What is the tens digit of q?
0
Suppose -552 = -2*f - 62. What is the tens digit of f?
4
Let r be 13/(-52) - (-1221)/4. Suppose -14*q = -19*q + r. What is the tens digit of q?
6
Let h(p) = -28*p + 85. What is the tens digit of h(-11)?
9
Suppose -7*f = -14*f + 14. What is the tens digit of (1/(-3))/(f/3216*-2)?
6
Suppose -4*d + w + 16 = 0, 6*d - d = -w + 29. Suppose d*x - 3 = 7. Suppose 18 = n + x*z, 0 = -3*n + 2*z - z + 68. What is the units digit of n?
2
Suppose g = 3*n - 8, 0 = -3*n + 5*g + 32 - 4. What is the tens digit of 7 + (-5 - -1) + 140 + n?
4
Suppose -3*p + 1961 = -2*i, 66*i = 71*i + 5. What is the units digit of p?
3
Let b = -2026 - -3277. What is the units digit of b?
1
Let h(u) = u**2 + u - 1. Let m(z) = z**3 - 19*z**2 + 4*z + 20. Let g(t) = 6*h(t) - m(t). What is the units digit of g(25)?
4
Suppose 0 = -4*i + 7*i - 18. Let j(y) = -9*y - 23*y**3 + 3*y + 8*y**2 + 7 + 43*y**3 - 21*y**3. What is the units digit of j(i)?
3
Let t be ((-2136)/20 - 4)/(6/(-15)). Suppose -4*w + t = -55. What is the tens digit of w?
8
Suppose 9*t - 280 = 4*t - 2*g, -t - 3*g + 56 = 0. Suppose y + 3*r - t = 8*r, -y + 2*r = -56. What is the tens digit of y?
5
Let j(w) = -w + 11. Let y be j(8). Suppose -y*q = 3*q. Let a = 37 + q. What is the units digit of a?
7
Let f(b) = -3*b**2 + 18*b. Let l = -16 + 11. Let h(q) = 4*q**2 - 19*q. Let k(n) = l*f(n) - 4*h(n). What is the units digit of k(-10)?
0
Let w be 10/(1 - -1) - 0/(-5). Suppose w*x + 156 = 7*x. What is the units digit of x?
8
Let h be -3*(0 - -1) - -8. Suppose -5*n + 530 = -h*x, -106 = x + 5*n - 0*n. Let w = -68 - x. What is the units digit of w?
8
Let a(z) = -z**2 + 3*z - 4. Let y be a(4). Let g be y/(-12) - 7/(-3). Suppose -g*r = -0*r - 24. What is the units digit of r?
8
Suppose -6*l - 2175 = -9261. What is the units digit of l?
1
Let m(c) = 29*c**2 - 6*c - 18. What is the hundreds digit of m(-3)?
2
Suppose -36*o = -j - 33*o + 2532, 0 = 5*j - 4*o - 12605. What is the thousands digit of j?
2
Suppose -81 = -2*g + g. What is the units digit of g?
1
Let m(o) = 71*o**2 + 5*o + 4. What is the tens digit of m(-1)?
7
Let n be 2/(-1 - 5/(-10)). What is the units digit of (194/(-4))/(2/n)?
7
Let p(q) = 39*q - 6. Let c be p(5). Let f = 412 - c. What is the tens digit of f?
2
Suppose -5*p + 3*c = -1215, -5*p - c - 4*c + 1255 = 0. What is the hundreds digit of p?
2
Let f = 15 + -19. Let o(j) = -j**3 + j**2 - 9*j - 1. What is the hundreds digit of o(f)?
1
Suppose -405 = -3*c - 63. Let v = c + -62. Suppose -v = -4*f + 100. What is the tens digit of f?
3
Let p(g) = -12 - 22*g + 38*g + 34*g. What is the units digit of p(2)?
8
Suppose 0 = -2*g - 12119 - 2009. What is the hundreds digit of (4/6)/(-4 - g/1764)?
1
Suppose 5*l = -2*x + 914, -2*x + 337 + 605 = -2*l. What is the units digit of x?
7
Let n = 698 - 356. What is the hundreds digit of n?
3
Let p = -21 + 20. Let w be -4 + 6/1 - p. What is the tens digit of (w + 17)*12/5?
4
Let z(c) = 25*c - 16. Suppose 0 = 31*i - 35*i + 28. What is the units digit of z(i)?
9
Suppose -2*n = -3 - 1. Suppose -n*b - 3*r + 97 = 0, 5*r = -b - 10 + 62. What is the tens digit of b?
4
Let z(u) be the second derivative of 17*u**4/12 - u**3/6 + 3*u**2/2 + 11*u. What is the tens digit of z(2)?
6
Suppose -5*l = 3*j - 136, -2*l + 3*l - 18 = 4*j. Suppose -2*m = -2*b + b + l, -4*b - 4*m = -68. What is the tens digit of b?
2
What is the tens digit of ((-226)/(-10))/(6/150)?
6
Let f be 2 - (66 + -1 - -5). What is the tens digit of (-9)/3*f/3?
6
Let c be 5 - (-5)/(-10)*6. What is the units digit of -3 - (-79)/2*c?
6
Let d(m) = 26*m**2 + 13*m + 11. Let g be d(-6). What is the units digit of g/4 + (-12)/(-16)?
8
Let j(s) = -s - 5. Suppose r + 68 = 5*r - 4*o, -5*o = -r + 37. Let g be j(r). Let y = g - -30. What is the tens digit of y?
1
Let a = -18 + 22. Suppose -1 = -5*g + 49. Let p = g + a. What is the tens digit of p?
1
Suppose 6*p + 0*p = 0. Suppose 0 = 3*d + 5*g - 5, 5*d - 4*g + g - 31 = p. Suppose 300 = -0*u + d*u. What is the units digit of u?
0
Let m = 2378 - 407. What is the tens digit of m?
7
Let r(l) = -1179*l**3 + 4*l + 5. What is the thousands digit of r(-1)?
1
Let d be 9*(-1 + -1 - 0). What is the hundreds digit of 4564/36 + -1*4/d?
1
Let k be 2/((-8)/(-4))*-673. Let b = k - -985. What is the units digit of (-10)/(-4)*b/30?
6
Suppose 7*y = -0 + 3024. What is the units digit of y?
2
Let j = 64 - 59. What is the hundreds digit of ((-7)/4)/(j/(-320))?
1
Let j be (6/4)/(33/44). Suppose -v + 81 = -0*v + 4*r, j*v + 2*r - 132 = 0. What is the tens digit of v?
6
Let u(t) be the third derivative of -t**4/24 - 7*t**3/3 - 7*t**2. Let k be u(-16). Suppose -3*h + 82 = 3*x - 38, -4*x = -k*h + 80.